eatest common factor of 2623 and 172.
43
What is the highest common factor of 2106 and 135?
27
What is the greatest common factor of 4485 and 975?
195
Calculate the highest common divisor of 105 and 455.
35
What is the greatest common divisor of 38 and 13490?
38
What is the greatest common divisor of 2016 and 8316?
252
What is the highest common factor of 95 and 25?
5
Calculate the highest common factor of 4 and 2452.
4
What is the greatest common factor of 29 and 1?
1
Calculate the highest common factor of 1449 and 126.
63
What is the greatest common divisor of 876 and 84?
12
What is the greatest common factor of 15 and 51?
3
Calculate the greatest common divisor of 154 and 14.
14
Calculate the greatest common factor of 51 and 3.
3
Calculate the highest common factor of 80 and 50.
10
Calculate the highest common divisor of 882 and 63.
63
Calculate the greatest common factor of 195 and 90.
15
Calculate the greatest common factor of 7 and 301.
7
Calculate the highest common factor of 10 and 384.
2
What is the greatest common factor of 47 and 705?
47
What is the greatest common divisor of 96 and 6?
6
What is the greatest common factor of 36 and 216?
36
What is the greatest common divisor of 918 and 432?
54
Calculate the greatest common factor of 335 and 5427.
67
What is the greatest common divisor of 589 and 19?
19
What is the highest common divisor of 94 and 141?
47
Calculate the greatest common factor of 26 and 65.
13
What is the greatest common factor of 84 and 567?
21
What is the highest common factor of 36 and 28?
4
Calculate the highest common divisor of 36 and 11565.
9
What is the greatest common factor of 1264 and 208?
16
Calculate the greatest common divisor of 75 and 1875.
75
What is the greatest common factor of 24 and 9?
3
Calculate the highest common factor of 72 and 120.
24
What is the greatest common factor of 897 and 69?
69
Calculate the greatest common divisor of 43 and 42011.
43
Calculate the greatest common factor of 470 and 20.
10
Calculate the greatest common factor of 550 and 374.
22
What is the greatest common factor of 212 and 1166?
106
What is the highest common factor of 1267 and 56?
7
What is the greatest common factor of 27 and 6?
3
What is the highest common divisor of 1742 and 26?
26
What is the highest common divisor of 63 and 7?
7
What is the highest common factor of 176 and 935?
11
What is the greatest common factor of 427 and 366?
61
Calculate the highest common divisor of 267 and 8633.
89
Calculate the greatest common divisor of 336 and 651.
21
What is the highest common divisor of 7 and 658?
7
Calculate the greatest common divisor of 10 and 4685.
5
What is the highest common factor of 442 and 323?
17
Calculate the greatest common factor of 36 and 54.
18
Calculate the greatest common factor of 188 and 4136.
188
What is the greatest common divisor of 101 and 5959?
101
What is the greatest common factor of 2622 and 114?
114
What is the greatest common factor of 70 and 1250?
10
Calculate the greatest common divisor of 30222 and 1242.
414
What is the greatest common factor of 6 and 312?
6
Calculate the greatest common divisor of 516 and 4300.
172
Calculate the greatest common divisor of 205 and 15.
5
Calculate the highest common divisor of 45 and 15.
15
What is the greatest common divisor of 34 and 7582?
34
Calculate the greatest common divisor of 6 and 123.
3
Calculate the greatest common factor of 1080 and 96.
24
What is the highest common divisor of 58 and 1566?
58
What is the greatest common factor of 616 and 112?
56
Calculate the greatest common divisor of 279 and 9.
9
What is the highest common factor of 86 and 7052?
86
What is the highest common divisor of 476 and 28?
28
What is the greatest common divisor of 1184 and 2812?
148
Calculate the highest common factor of 70 and 84.
14
What is the highest common factor of 136 and 21?
1
Calculate the highest common factor of 536 and 335.
67
What is the greatest common divisor of 10 and 14?
2
What is the highest common factor of 451 and 1001?
11
Calculate the greatest common divisor of 594 and 369.
9
What is the greatest common divisor of 30 and 750?
30
Calculate the greatest common factor of 284 and 19738.
142
Calculate the greatest common divisor of 120 and 21.
3
What is the greatest common divisor of 30720 and 60?
60
What is the highest common factor of 116 and 1?
1
Calculate the highest common factor of 14 and 70.
14
Calculate the highest common divisor of 837 and 27.
27
Calculate the greatest common divisor of 12 and 78.
6
Calculate the greatest common divisor of 132 and 99.
33
What is the highest common divisor of 39 and 2847?
39
Calculate the highest common divisor of 6 and 6.
6
What is the highest common factor of 150 and 30?
30
Calculate the highest common factor of 760 and 40.
40
What is the greatest common divisor of 13416 and 860?
172
Calculate the highest common divisor of 123 and 309.
3
What is the highest common divisor of 44 and 1188?
44
What is the highest common divisor of 3423 and 21?
21
Calculate the greatest common factor of 7194 and 66.
66
Calculate the greatest common divisor of 1044 and 54.
18
Calculate the highest common divisor of 294 and 42.
42
Calculate the highest common factor of 3 and 300.
3
What is the greatest common divisor of 133 and 4104?
19
Calculate the greatest common factor of 403 and 124.
31
What is the highest common divisor of 110 and 33?
11
What is the highest common divisor of 69 and 1?
1
What is the highest common factor of 532 and 112?
28
Calculate the greatest common divisor of 156 and 42.
6
Calculate the greatest common factor of 270 and 15.
15
Calculate the greatest common divisor of 375 and 525.
75
What is the highest common divisor of 10318 and 14?
14
Calculate the greatest common divisor of 125 and 1.
1
Calculate the highest common factor of 1003 and 17.
17
What is the greatest common divisor of 19 and 1387?
19
Calculate the highest common factor of 20 and 25.
5
What is the greatest common divisor of 4411 and 99?
11
Calculate the greatest common divisor of 34 and 25738.
34
Calculate the greatest common factor of 170 and 238.
34
Calculate the highest common factor of 151 and 3926.
151
Calculate the greatest common factor of 4 and 444.
4
Calculate the highest common divisor of 119 and 259.
7
Calculate the highest common divisor of 7 and 399.
7
What is the greatest common divisor of 1300 and 1100?
100
Calculate the greatest common divisor of 8 and 9.
1
Calculate the highest common divisor of 130 and 52.
26
Calculate the greatest common divisor of 2058 and 70.
14
Calculate the highest common divisor of 108 and 12.
12
Calculate the greatest common factor of 93 and 2573.
31
Calculate the greatest common divisor of 1057 and 98.
7
What is the greatest common factor of 61752 and 248?
248
What is the greatest common divisor of 70 and 154?
14
What is the greatest common divisor of 4085 and 190?
95
Calculate the greatest common factor of 201 and 25728.
201
What is the highest common divisor of 1278 and 126?
18
Calculate the highest common divisor of 114 and 627.
57
What is the greatest common divisor of 3 and 24?
3
What is the greatest common divisor of 30 and 310?
10
Calculate the highest common factor of 490 and 1330.
70
Calculate the highest common factor of 5 and 80.
5
What is the highest common factor of 3 and 367?
1
What is the greatest common divisor of 120 and 96?
24
Calculate the highest common factor of 245 and 98.
49
What is the greatest common factor of 60 and 4580?
20
Calculate the greatest common factor of 1435 and 15.
5
What is the highest common factor of 11 and 671?
11
What is the highest common factor of 19 and 1501?
19
What is the highest common factor of 96 and 39?
3
Calculate the highest common divisor of 3599 and 61.
61
What is the highest common factor of 423 and 9?
9
What is the greatest common divisor of 129 and 21?
3
Calculate the greatest common divisor of 22 and 429.
11
Calculate the greatest common divisor of 165 and 3531.
33
Calculate the greatest common divisor of 28 and 36.
4
Calculate the highest common factor of 36 and 198.
18
What is the highest common factor of 34 and 2?
2
Calculate the highest common divisor of 47 and 32.
1
Calculate the greatest common factor of 4 and 16.
4
What is t